j) = 7*l(j) - 6*z(j). Calculate v(12).
44
Let y(q) = -6 + 1028*q + 39 - 529*q - 532*q. What is y(1)?
0
Let d(l) = l + 1. Let r = -189 - -203. Suppose 12 = -r*s + 8*s. Calculate d(s).
-1
Suppose 0 = -3*c + 5*c + 4. Let b(g) = -4*g + 2242 - 3*g**3 - 4411 - 3*g**2 + 2167. What is b(c)?
18
Let o be 2*(-1)/(-3) - (-13)/3. Suppose -k + 4 = 4*t, 0 = o*t - 4*k - 0*k - 5. Let q(j) = -7*j**2 + j**2 + 2*j - 1 + 6*j**2 + 4*j**3. What is q(t)?
5
Let z(p) = 17 + 4*p**3 - 20*p**2 - 3*p**3 + 19*p**2 - 4 + 3. Let m(s) = -2*s**3 + 2*s**2 - 31. Let c(j) = -3*m(j) - 7*z(j). Let d = -1 - -1. Calculate c(d).
-19
Let h = 10756 - 10752. Let i(r) be the first derivative of -10/3*r**3 - 1/4*r**h + 5 + 0*r**2 - 8*r. Calculate i(-10).
-8
Let p be 10/55 - 585/11. Let s = -109 - p. Let b = s + 53. Let t(k) = -k - 5. Give t(b).
-2
Let x(o) be the third derivative of -o**8/10080 - o**7/1680 + o**6/360 + 17*o**5/15 - 59*o**2. Let u(t) be the third derivative of x(t). Determine u(-3).
-7
Let u(g) = 31*g + 286. Let c be u(-9). Let l(h) = -h**2 + 8*h - 29. What is l(c)?
-22
Let u(l) = -l**3 - 4*l**2 + 3*l - 3. Suppose 2 = -2*a, 13*x + 4*a = 10*x - 892. Let k be 3/(-8) - 10/((-640)/x). What is u(k)?
7
Let s be (0*(-6)/(-24))/2. Suppose s = -6*d + 8 - 26. Let c(k) = k**3 + 2*k + k + 5 - 1 + 4*k**2. Determine c(d).
4
Let k(r) = -29*r**3 + 1045*r**2 + 11*r + 11. Let t(i) = 18*i**3 - 653*i**2 - 7*i - 7. Let a(f) = 5*k(f) + 8*t(f). Let n = -4 - -6. Give a(n).
-7
Let n(x) = x**3 - 8*x**2 - 9*x - 3. Let m(k) = -4*k - 48. Let i be m(-14). Suppose 0 = 2*h + i, -2*v - 3*h + 10 = -h. Calculate n(v).
-3
Let q(y) = -y**3 - 2*y**2 - y. Let l be q(0). Suppose -3*d = -l*d - 456. Let z(u) = d*u**2 - 71*u**2 + 4 + 2*u - 80*u**2. Determine z(-4).
12
Let p(a) = -13*a**2 - 79*a + 173. Let c(f) = 3*f**2 + 19*f - 43. Let k(b) = 9*c(b) + 2*p(b). What is k(-16)?
7
Let l = 87 + -62. Suppose 0 = 12*y - 7*y + l. Let j(u) be the second derivative of -u**4/12 - 7*u**3/6 - 5*u**2/2 + 3*u. Give j(y).
5
Let s(d) = -d**3 + 6*d**2 - 4*d - 1. Let n be s(5). Let t(m) be the first derivative of -1/4*m**4 + 1/2*m**2 + 4/3*m**3 - 19 + 3*m. Determine t(n).
7
Let n(u) be the second derivative of 1 - 4*u - 1/6*u**3 - 5/2*u**2. Determine n(0).
-5
Suppose -5*x - 4*b + 439 = -153, -3*b + 9 = 0. Let l = 116 - x. Let h(u) = u**2 + 0 - 3 + 6. Determine h(l).
3
Let y(i) = 4*i - 1. Let p = -5 + 8. Let b(l) = l. Let r(j) = p*b(j) + y(j). Suppose -6737*o = -6752*o - 15. Calculate r(o).
-8
Suppose 0 = -5*a - a - 138. Let o = 34 + a. Suppose -4*v + 9 + o = 0. Let m(i) = -i**2 + 4*i + 2. Determine m(v).
-3
Let b(l) = 19*l**3 - 2*l + 15*l**3 + 22*l**3 - 4*l**2 - 5 - 57*l**3. Suppose -3*y + 8*y - 85 = 0. Let s = 13 - y. Determine b(s).
3
Suppose 12 - 14 = -g. Let n(f) = -377*f - 5 + 3 + 378*f + f**2. Give n(g).
4
Let j(w) be the third derivative of -w**6/120 + 3*w**5/20 + 7*w**4/24 - w**3/3 + 3*w**2 - 517*w - 1. Calculate j(8).
118
Let t be (-10 + 403/39)*-105. Let n(j) = -j**2 - 35*j + 6. What is n(t)?
6
Let u = -1712 - -1695. Let z(t) = t**3 + 18*t**2 + 16*t - 12. Give z(u).
5
Let d(n) = 7*n**2 - 6*n - 4. Let s(c) = -6*c**2 + 7*c + 2. Let h(i) = 5*d(i) + 6*s(i). Calculate h(6).
28
Let d(t) be the second derivative of -t**7/2520 + t**6/144 + t**5/30 - 71*t**4/12 - 186*t. Let n(m) be the third derivative of d(m). Calculate n(4).
8
Let a(s) be the second derivative of s**5/20 + 5*s**4/12 + 5*s**3/6 + 4*s**2 + 315*s. What is a(-4)?
4
Let v(x) = x**2 - 3*x - 25. Let u be v(7). Suppose -2*t - u = 4*d + 3*t, 0 = 4*t + 12. Let a(s) = -s**2 + 4*s - 1. Calculate a(d).
2
Let j(b) be the second derivative of -41*b**5/5 + b**4/4 + b**3/3 + b**2/2 - 29*b. Let i be j(-1). Suppose -i = 5*h - 186. Let y(l) = l**2 - 2*l - 3. Give y(h).
5
Let p(j) = j**2 + 8*j + 1. Suppose 6*k + 5*x = -23, -17*x + 20*x - 23 = k. Calculate p(k).
1
Let i(r) be the third derivative of -5*r**4/8 + 27*r**3/2 - 4*r**2 + 764*r + 1. What is i(9)?
-54
Let t(g) = g**2 + 15*g - 6*g**2 - g**3 + 18*g + 23*g + 3 - 50*g. Let x(v) = -3*v - 5. Let s be x(3). Let b = 8 + s. What is t(b)?
3
Let m(n) = -n**2 - 14*n - 57. Suppose 810 = 258*p + 2616. Calculate m(p).
-8
Let o = -615 - -616. Let g(r) = -14*r**2 - 3*r + 4. Let w = 2 + -4. Let z(n) = 15*n**2 + 2*n - 3. Let d(y) = w*g(y) - 3*z(y). What is d(o)?
-16
Let h be -11 + (4 - 6/2 - -2). Let w be ((-2)/4)/((-2)/(h/(-2))). Let m(b) = 6*b. Determine m(w).
6
Let c(m) be the first derivative of -5 + 1/24*m**4 + 0*m**2 - 1/24*m**5 + 0*m + 8/3*m**3. Let r(q) be the third derivative of c(q). Give r(-2).
11
Let h(m) = -m**3 + 13*m + 1. Suppose -5*f + 12 = 3*v, f + 2*v - 101 = -107. What is h(f)?
-137
Let q(h) = 12*h - 5. Let t(i) = 24*i - 12. Suppose 8*k = 3*k - 25. Let g(a) = k*q(a) + 2*t(a). What is g(-1)?
13
Let o be ((-2 + 2)*-1)/3. Let u(z) be the second derivative of z**5/20 - z**4/12 - z**3/6 + 7*z**2/2 - 7127*z. Calculate u(o).
7
Let p(f) = -f**3 + 18*f**2 + 17. Let r = 10724 + -10706. Calculate p(r).
17
Let c(l) be the first derivative of -1 - 11*l - 1/2*l**2 + 1/3*l**3. Suppose 0 = 7711*y - 3866*y - 3645*y. What is c(y)?
-11
Let z(s) = -2*s**3 - 13*s**2 - 20*s + 82. Let m(o) = -3*o**3 - 24*o**2 - 39*o + 163. Let n(k) = -3*m(k) + 5*z(k). What is n(8)?
-7
Let d(h) = -2*h**3 - 81*h**2 - 37*h + 108. Let k be d(-40). Let m(a) = a**2 + 15*a + 21. Calculate m(k).
-15
Let c be ((-4)/(-6))/(12552/(-18828)). Let q(s) be the first derivative of -1/2*s**2 + 1 - 13/4*s**4 - s - 1/3*s**3. Give q(c).
12
Let o(c) be the third derivative of 17*c**5/60 - 29*c**4/8 + 4*c**3/3 + 1581*c**2. Give o(5).
-2
Let m be (-119)/56*2 - (-12)/(-16). Let o(u) = 2*u**2 + 10*u + 18. Calculate o(m).
18
Let c be 5 + 0/(5 + -6). Let r(s) = 179 - 172 + 4*s - c*s. Determine r(9).
-2
Let s(h) be the second derivative of h**3/3 - h**2 + 20*h. Let b be (-87)/(-24) - 36/(-96). Give s(b).
6
Suppose -c = -0*c. Let f(h) be the first derivative of -h - 1/2*h**2 + 77. What is f(c)?
-1
Let l(x) = x**2 + 8*x. Suppose 3*n - 5*d - 31 = 0, 5*d = -2*n - 0*d - 21. Suppose 11 = n*p - 2*r - 3, 0 = 4*p + 2*r - 4. Suppose p*b = b - 14. Give l(b).
-7
Let q(g) = 5*g**3 + 16*g**2 + 21*g + 9. Let p be q(-6). Let j = p + 628. Let x(a) be the first derivative of a**2 - 6*a + 1. Give x(j).
8
Let i(a) = 2*a**3 - 15*a**2 - 7*a. Suppose -8*n = -1419 + 1355. Give i(n).
8
Let u(p) = p**2 + 4*p + 5. Suppose 0 = -5*l + o - 1862, 2*l + 14*o - 16*o = -740. Let m = l + 369. Calculate u(m).
5
Let i(l) = l**3 + 2*l**2 - 9*l - 20. Let c(o) = -4*o**3 - 9*o**2 + 47*o + 105. Let n(k) = 2*c(k) + 11*i(k). Give n(-2).
-8
Let s(k) = 0*k - 3*k + 183*k + 2*k**2 + 2 + 2 - 178*k. Calculate s(6).
88
Let f be 48/20*(-15)/(-2). Let d(c) = -f*c + 1 + 72*c - 25*c - 23*c. Suppose -2 = 39*u - 37*u. What is d(u)?
-5
Let h(u) = -u + 27. Let j be (3/6)/(17*(-10)/(-7820)). Give h(j).
4
Let r = -217 - -218. Let a(y) = y**2 + 4*y**3 + y - y**3 + r - 2*y**3. Calculate a(0).
1
Let v(l) be the first derivative of -l**4/4 + l**3 + 21*l**2/2 - 7*l + 5005. Give v(6).
11
Let v(i) = -3*i**2 + 4*i + 1. Let w = 217 - 152. Suppose -4*u - 119 = -5*q, -q + w = 2*q - 4*u. Let z be 6/q - 25/(-9). Determine v(z).
-14
Let x(s) = 5*s**2 + 5*s - 1. Let y = 119 - 122. Let p(z) = 4*z**2 + 4*z - 1. Let n(q) = y*x(q) + 4*p(q). Calculate n(-3).
5
Let a(j) = -16*j**2 - 4*j + 2. Let x(t) = -1 + 7*t**2 + 288*t - 286*t + 0. Let q(r) = 3*a(r) + 7*x(r). Give q(-6).
23
Let u be 2 + -6 + 0 + 4. Suppose -2*t = -1 + 7, 2*c - t - 3 = u. Suppose -2*y + 2 = -4*i + 3*y, c = 5*i - 3*y + 9. Let p(o) = -o - 2. Give p(i).
1
Let a(d) = -8*d**2 + d. Let l be -1 + 2 + 1 + -1. Let o be a(l). Let r(v) be the second derivative of v**3/3 + 7*v**2/2 - 30*v - 635. Determine r(o).
-7
Let g(v) be the second derivative of v**5/10 - v**3/6 + v**2/2 + 4827*v. Let j be (-4 - -2)/2 + 1. Give g(j).
1
Let x(y) = -y**3 + 3*y**2 + 2*y - 5. Let l be (-6)/2*(1 + -4). Suppose 13 = l*z - 14. Determine x(z).
1
Let z(x) = -x**3 - 4*x**2 + 5*x + 6. Let c(k) = -2*k**3 - 8*k**2 + 10*k + 12. Let j(t) = -3*c(t) + 5*z(t). Suppose -8*r = 928 - 888. Determine j(r).
-6
Let f(i) = 27*i**2 + 1273*i + 260. Let b(g) = -6*g**2 - 283*g - 57. Let z(y) = -22*b(y) - 5*f(y). Determine z(-46).
0
Let r(j) = 1838 - 1891 + 17*j + 3*j**2 - 2*j**2. Determine r(-19).
-15
Suppose 720*q - 115 = 5*a + 725*q, 0 = 3*a - 5*q + 29.